{"id":551,"date":"2018-01-22T09:52:42","date_gmt":"2018-01-22T09:52:42","guid":{"rendered":"http:\/\/www.escolesblaves.cat\/?page_id=551"},"modified":"2018-01-22T11:35:38","modified_gmt":"2018-01-22T11:35:38","slug":"algues-nostre-territori","status":"publish","type":"page","link":"https:\/\/www.escolesblaves.cat\/en\/algues-nostre-territori\/","title":{"rendered":"The marine algae of our region (in Catalan)"},"content":{"rendered":"<div class=\"vc_row wpb_row vc_row-fluid dt-default\" style=\"margin-top: 0px;margin-bottom: 0px\"><div class=\"wpb_column vc_column_container vc_col-sm-3\"><div class=\"vc_column-inner\"><div class=\"wpb_wrapper\">\n\t<div  class=\"wpb_single_image wpb_content_element vc_align_left\">\n\t\t\n\t\t<figure class=\"wpb_wrapper vc_figure\">\n\t\t\t<a href=\"http:\/\/www.escolesblaves.cat\/en\/wp-content\/uploads\/2018\/01\/escolesblaves_algues.pdf\/\" target=\"_blank\" class=\"vc_single_image-wrapper   vc_box_border_grey rollover\"><img width=\"1241\" height=\"1754\" src=\"https:\/\/www.escolesblaves.cat\/wp-content\/uploads\/2018\/01\/escolesblaves_algues.jpg\" class=\"vc_single_image-img attachment-full\" alt=\"\" loading=\"lazy\" srcset=\"https:\/\/www.escolesblaves.cat\/wp-content\/uploads\/2018\/01\/escolesblaves_algues.jpg 1241w, https:\/\/www.escolesblaves.cat\/wp-content\/uploads\/2018\/01\/escolesblaves_algues-212x300.jpg 212w, https:\/\/www.escolesblaves.cat\/wp-content\/uploads\/2018\/01\/escolesblaves_algues-768x1085.jpg 768w, https:\/\/www.escolesblaves.cat\/wp-content\/uploads\/2018\/01\/escolesblaves_algues-725x1024.jpg 725w\" sizes=\"(max-width: 1241px) 100vw, 1241px\" \/><\/a>\n\t\t<\/figure>\n\t<\/div>\n<a href=\"http:\/\/www.escolesblaves.cat\/en\/wp-content\/uploads\/2018\/01\/escolesblaves_algues.pdf\/\" class=\"default-btn-shortcode dt-btn dt-btn-l full-width-btn btn-inline-left\" id=\"default-btn-1\" title=\"Descarrega\" rel=\"nofollow\"><span>Descarregar el PDF<\/span><\/a><\/div><\/div><\/div><div class=\"wpb_column vc_column_container vc_col-sm-9\"><div class=\"vc_column-inner\"><div class=\"wpb_wrapper\"><div class=\"uavc-list-icon uavc-list-icon-wrapper ult-adjust-bottom-margin\"><ul class=\"uavc-list\"><li><div class=\"uavc-list-content\" id=\"list-icon-wrap-4970\">\n<div class=\"uavc-list-icon\" data-animation=\"\" data-animation-delay=\"03\" style=\"margin-right:5px;\"><div class=\"ult-just-icon-wrapper\"><div class=\"align-icon\" style=\"text-align:center;\">\n<div class=\"aio-icon none\"  style=\"color:#333333;font-size:32px;display:inline-block;\">\n\t<i class=\"Defaults-book\"><\/i>\n<\/div><\/div><\/div>\n<\/div><span  data-ultimate-target='#list-icon-wrap-4970 .uavc-list-desc'  data-responsive-json-new='{\"font-size\":\"\",\"line-height\":\"\"}'  class=\"uavc-list-desc ult-responsive\" style=\"\"><strong>Alumnat a qui va dirigit:<\/strong> De 3er i 4rt d\u2019ESO, i de batxillerat.<\/p>\n<p><strong>\u00c0rees\/Mat\u00e8ria:<\/strong> Biologia, Ci\u00e8ncies de la Terra, Ecologia, Medi ambient, Biodiversitat i Activitat f\u00edsica.<\/p>\n<p><strong>Descripci\u00f3:<\/strong><br \/>\nConeixes les algues de la teva costa? Sabries diferenciar entre una alga i una planta marina? Sabies que hi ha algues unicel\u00b7lulars que no s\u00f3n microsc\u00f2piques? El primer pas per aprendre i entendre el m\u00f3n de les algues \u00e9s l\u2019observaci\u00f3, per aix\u00f2, us proposem posar-nos el neopr\u00e8, la m\u00e0scara i el tub i anar a fer snorkel. Aquesta activitat ens permetr\u00e0 observar la vida marina del nostre territori alhora que fem exercici.<br \/>\nPer a saber m\u00e9s i entrar m\u00e9s en detall sobre les esp\u00e8cies, ens convertirem en cient\u00edfics i farem el mateix procediment que un cient\u00edfic o cient\u00edfica per a estudiar el fons mar\u00ed. Serem ocean\u00f2grafs i ocean\u00f2grafes per un dia! Anotarem i agafarem mostres de les diferents algues de la costa, i a m\u00e9s a m\u00e9s calcularem l\u2019abund\u00e0ncia de cada esp\u00e8cie.<br \/>\nDespr\u00e9s de cada investigaci\u00f3 de camp, sempre s\u2019han d\u2019analitzar les mostres i observar les dades obtingudes. I finalment farem la creaci\u00f3 d\u2019un herbari amb les algues obtingudes, i per grups la creaci\u00f3 de la zonaci\u00f3 algal de la zona estudiada.<\/p>\n<p><strong>Aspectes metodol\u00f2gics:<\/strong><br \/>\nExcursi\u00f3 i sortida de tot un mat\u00ed on es far\u00e0 snorkel o immersi\u00f3 lleugera, i diverses activitats a l\u2019aigua. Posteriorment \u00e9s necessari una o dues sessions per observar les algues al laboratori. Tamb\u00e9 s\u2019ha creat una activitat grupal per a l\u2019alumnat que consistir\u00e0 en crear un mural amb la zonaci\u00f3 algal de la zona on hem fet la sortida.<\/p>\n<p><strong>Objectius:<\/strong><\/p>\n<ul>\n<li>Distingir les esp\u00e8cies marines.<\/li>\n<li>Saber nedar i buscar esp\u00e8cies.<\/li>\n<li>Aprendre a diferenciar els grans grups marins: equinoderms, algues, plantes, peixos, mol\u00b7luscs, etc.<\/li>\n<li>Aprendre com es fa un estudi cient\u00edfic a partir de transsectes.<\/li>\n<li>Con\u00e8ixer la diversitat dins el m\u00f3n de les algues.<\/li>\n<li>Comprendre com es produeix la fotos\u00edntesi.<\/li>\n<li>A partir de diverses algues unicel\u00b7lulars que trobem pel nostre litoral, practicar l\u2019experiment de Hammerling i d\u2019aquesta manera comprendre la diferencia entre c\u00e8l\u00b7lules eucariotes i procariotes.<\/li>\n<\/ul>\n<p><strong>Compet\u00e8ncies b\u00e0siques de l\u2019\u00e0mbit cientificotecnol\u00f2gic:<\/strong><\/p>\n<ul>\n<li>Compet\u00e8ncia 2. Identificar i caracteritzar els sistemes biol\u00f2gics i geol\u00f2gics des de la perspectiva dels models, per comunicar i predir el comportament dels fen\u00f2mens naturals<\/li>\n<li>Compet\u00e8ncia 6. Recon\u00e8ixer i aplicar els processos implicats en l\u2019elaboraci\u00f3 i validaci\u00f3 del coneixement cient\u00edfic<\/li>\n<li>Compet\u00e8ncia 11. Adoptar mesures amb criteris cient\u00edfics que evitin o minimitzin els impactes mediambientals derivats de la intervenci\u00f3 humana<\/li>\n<\/ul>\n<p><strong>Recursos:<\/strong><\/p>\n<ul>\n<li>Guia did\u00e0ctica.<\/li>\n<li>Kit d\u2019snorkel: neopr\u00e8, m\u00e0scara, tub, aletes.<\/li>\n<li>Per a l\u2019estudi cient\u00edfic: cinta m\u00e8trica, pot de vidre, quadrant, pissarra submergible.<\/li>\n<li>Per a observar la fotos\u00edntesi: planta aqu\u00e0tica, got de precipitat, embut, llum artificial.<\/li>\n<\/ul>\n<p><span style=\"font-weight: 400;\"><strong>Material per a l\u2019alumne:<\/strong> Q\u00fcestionari<\/span><\/span><\/div><\/li><\/ul><\/div><\/div><\/div><\/div><\/div>","protected":false},"excerpt":{"rendered":"Descarregar el PDF Alumnat a qui va dirigit: De 3er i 4rt d\u2019ESO, i de batxillerat. \u00c0rees\/Mat\u00e8ria: Biologia, Ci\u00e8ncies de la Terra, Ecologia, Medi ambient, Biodiversitat i Activitat f\u00edsica. Descripci\u00f3: Coneixes les algues de la teva costa? Sabries diferenciar entre una alga i una planta marina? Sabies que hi ha algues unicel\u00b7lulars que no s\u00f3n&hellip;","protected":false},"author":1,"featured_media":0,"parent":0,"menu_order":0,"comment_status":"closed","ping_status":"closed","template":"","meta":[],"yoast_head":"<!-- This site is optimized with the Yoast SEO plugin v16.0.1 - https:\/\/yoast.com\/wordpress\/plugins\/seo\/ -->\n<title>Les algues del nostre territori | Escoles Blaves<\/title>\n<link rel=\"canonical\" href=\"https:\/\/www.escolesblaves.cat\/en\/algues-nostre-territori\/\" \/>\n<meta property=\"og:locale\" content=\"en_GB\" \/>\n<meta property=\"og:type\" content=\"article\" \/>\n<meta property=\"og:title\" content=\"Les algues del nostre territori | Escoles Blaves\" \/>\n<meta property=\"og:url\" content=\"https:\/\/www.escolesblaves.cat\/en\/algues-nostre-territori\/\" \/>\n<meta property=\"og:site_name\" content=\"Escoles Blaves\" \/>\n<meta property=\"article:publisher\" content=\"https:\/\/www.facebook.com\/PlanctonDivulgacioIServeisMarins\" \/>\n<meta property=\"article:modified_time\" content=\"2018-01-22T11:35:38+00:00\" \/>\n<meta property=\"og:image\" content=\"http:\/\/www.escolesblaves.cat\/wp-content\/uploads\/2017\/05\/thumb-16.png\" \/>\n<meta name=\"twitter:card\" content=\"summary\" \/>\n<meta name=\"twitter:site\" content=\"@planctondivulga\" \/>\n<meta name=\"twitter:label1\" content=\"Estimated reading time\">\n\t<meta name=\"twitter:data1\" content=\"3 minutes\">\n<script type=\"application\/ld+json\" class=\"yoast-schema-graph\">{\"@context\":\"https:\/\/schema.org\",\"@graph\":[{\"@type\":\"Organization\",\"@id\":\"https:\/\/www.escolesblaves.cat\/#organization\",\"name\":\"Escoles blaves\",\"url\":\"https:\/\/www.escolesblaves.cat\/\",\"sameAs\":[\"https:\/\/www.facebook.com\/PlanctonDivulgacioIServeisMarins\",\"http:\/\/www.instagram.com\/planctondivulga\",\"https:\/\/twitter.com\/planctondivulga\"],\"logo\":{\"@type\":\"ImageObject\",\"@id\":\"https:\/\/www.escolesblaves.cat\/#logo\",\"inLanguage\":\"en-GB\",\"url\":\"https:\/\/www.escolesblaves.cat\/wp-content\/uploads\/2017\/05\/logo-web-01-01-01.png\",\"width\":208,\"height\":99,\"caption\":\"Escoles blaves\"},\"image\":{\"@id\":\"https:\/\/www.escolesblaves.cat\/#logo\"}},{\"@type\":\"WebSite\",\"@id\":\"https:\/\/www.escolesblaves.cat\/#website\",\"url\":\"https:\/\/www.escolesblaves.cat\/\",\"name\":\"Escoles Blaves\",\"description\":\"Apropem el mar a les Terres de l&#039;Ebre\",\"publisher\":{\"@id\":\"https:\/\/www.escolesblaves.cat\/#organization\"},\"potentialAction\":[{\"@type\":\"SearchAction\",\"target\":\"https:\/\/www.escolesblaves.cat\/?s={search_term_string}\",\"query-input\":\"required name=search_term_string\"}],\"inLanguage\":\"en-GB\"},{\"@type\":\"WebPage\",\"@id\":\"https:\/\/www.escolesblaves.cat\/en\/algues-nostre-territori\/#webpage\",\"url\":\"https:\/\/www.escolesblaves.cat\/en\/algues-nostre-territori\/\",\"name\":\"Les algues del nostre territori | Escoles Blaves\",\"isPartOf\":{\"@id\":\"https:\/\/www.escolesblaves.cat\/#website\"},\"datePublished\":\"2018-01-22T09:52:42+00:00\",\"dateModified\":\"2018-01-22T11:35:38+00:00\",\"breadcrumb\":{\"@id\":\"https:\/\/www.escolesblaves.cat\/en\/algues-nostre-territori\/#breadcrumb\"},\"inLanguage\":\"en-GB\",\"potentialAction\":[{\"@type\":\"ReadAction\",\"target\":[\"https:\/\/www.escolesblaves.cat\/en\/algues-nostre-territori\/\"]}]},{\"@type\":\"BreadcrumbList\",\"@id\":\"https:\/\/www.escolesblaves.cat\/en\/algues-nostre-territori\/#breadcrumb\",\"itemListElement\":[{\"@type\":\"ListItem\",\"position\":1,\"item\":{\"@type\":\"WebPage\",\"@id\":\"https:\/\/www.escolesblaves.cat\/\",\"url\":\"https:\/\/www.escolesblaves.cat\/\",\"name\":\"Inici\"}},{\"@type\":\"ListItem\",\"position\":2,\"item\":{\"@type\":\"WebPage\",\"@id\":\"https:\/\/www.escolesblaves.cat\/en\/algues-nostre-territori\/\",\"url\":\"https:\/\/www.escolesblaves.cat\/en\/algues-nostre-territori\/\",\"name\":\"Les algues del nostre territori\"}}]}]}<\/script>\n<!-- \/ Yoast SEO plugin. -->","_links":{"self":[{"href":"https:\/\/www.escolesblaves.cat\/en\/wp-json\/wp\/v2\/pages\/551"}],"collection":[{"href":"https:\/\/www.escolesblaves.cat\/en\/wp-json\/wp\/v2\/pages"}],"about":[{"href":"https:\/\/www.escolesblaves.cat\/en\/wp-json\/wp\/v2\/types\/page"}],"author":[{"embeddable":true,"href":"https:\/\/www.escolesblaves.cat\/en\/wp-json\/wp\/v2\/users\/1"}],"replies":[{"embeddable":true,"href":"https:\/\/www.escolesblaves.cat\/en\/wp-json\/wp\/v2\/comments?post=551"}],"version-history":[{"count":3,"href":"https:\/\/www.escolesblaves.cat\/en\/wp-json\/wp\/v2\/pages\/551\/revisions"}],"predecessor-version":[{"id":595,"href":"https:\/\/www.escolesblaves.cat\/en\/wp-json\/wp\/v2\/pages\/551\/revisions\/595"}],"wp:attachment":[{"href":"https:\/\/www.escolesblaves.cat\/en\/wp-json\/wp\/v2\/media?parent=551"}],"curies":[{"name":"wp","href":"https:\/\/api.w.org\/{rel}","templated":true}]}}

<div class="vc_row wpb_row vc_row-fluid dt-default" style="margin-top: 0px;margin-bottom: 0px"><div class="wpb_column vc_column_container vc_col-sm-3"><div class="vc_column-inner"><div class="wpb_wrapper">
	<div  class="wpb_single_image wpb_content_element vc_align_left">
		
		<figure class="wpb_wrapper vc_figure">
			<a href="http://www.escolesblaves.cat/en/wp-content/uploads/2018/01/escolesblaves_algues.pdf/" target="_blank" class="vc_single_image-wrapper   vc_box_border_grey rollover"><img width="1241" height="1754" src="https://www.escolesblaves.cat/wp-content/uploads/2018/01/escolesblaves_algues.jpg" class="vc_single_image-img attachment-full" alt="" loading="lazy" srcset="https://www.escolesblaves.cat/wp-content/uploads/2018/01/escolesblaves_algues.jpg 1241w, https://www.escolesblaves.cat/wp-content/uploads/2018/01/escolesblaves_algues-212x300.jpg 212w, https://www.escolesblaves.cat/wp-content/uploads/2018/01/escolesblaves_algues-768x1085.jpg 768w, https://www.escolesblaves.cat/wp-content/uploads/2018/01/escolesblaves_algues-725x1024.jpg 725w" sizes="(max-width: 1241px) 100vw, 1241px" /></a>
		</figure>
	</div>
<a href="http://www.escolesblaves.cat/en/wp-content/uploads/2018/01/escolesblaves_algues.pdf/" class="default-btn-shortcode dt-btn dt-btn-l full-width-btn btn-inline-left" id="default-btn-1" title="Descarrega" rel="nofollow"><span>Descarregar el PDF</span></a></div></div></div><div class="wpb_column vc_column_container vc_col-sm-9"><div class="vc_column-inner"><div class="wpb_wrapper"><div class="uavc-list-icon uavc-list-icon-wrapper ult-adjust-bottom-margin"><ul class="uavc-list"><li><div class="uavc-list-content" id="list-icon-wrap-4970">
<div class="uavc-list-icon" data-animation="" data-animation-delay="03" style="margin-right:5px;"><div class="ult-just-icon-wrapper"><div class="align-icon" style="text-align:center;">
<div class="aio-icon none"  style="color:#333333;font-size:32px;display:inline-block;">
	<i class="Defaults-book"></i>
</div></div></div>
</div><span  data-ultimate-target='#list-icon-wrap-4970 .uavc-list-desc'  data-responsive-json-new='{"font-size":"","line-height":""}'  class="uavc-list-desc ult-responsive" style=""><strong>Alumnat a qui va dirigit:</strong> De 3er i 4rt d’ESO, i de batxillerat.</p>
<p><strong>Àrees/Matèria:</strong> Biologia, Ciències de la Terra, Ecologia, Medi ambient, Biodiversitat i Activitat física.</p>
<p><strong>Descripció:</strong><br />
Coneixes les algues de la teva costa? Sabries diferenciar entre una alga i una planta marina? Sabies que hi ha algues unicel·lulars que no són microscòpiques? El primer pas per aprendre i entendre el món de les algues és l’observació, per això, us proposem posar-nos el neoprè, la màscara i el tub i anar a fer snorkel. Aquesta activitat ens permetrà observar la vida marina del nostre territori alhora que fem exercici.<br />
Per a saber més i entrar més en detall sobre les espècies, ens convertirem en científics i farem el mateix procediment que un científic o científica per a estudiar el fons marí. Serem oceanògrafs i oceanògrafes per un dia! Anotarem i agafarem mostres de les diferents algues de la costa, i a més a més calcularem l’abundància de cada espècie.<br />
Després de cada investigació de camp, sempre s’han d’analitzar les mostres i observar les dades obtingudes. I finalment farem la creació d’un herbari amb les algues obtingudes, i per grups la creació de la zonació algal de la zona estudiada.</p>
<p><strong>Aspectes metodològics:</strong><br />
Excursió i sortida de tot un matí on es farà snorkel o immersió lleugera, i diverses activitats a l’aigua. Posteriorment és necessari una o dues sessions per observar les algues al laboratori. També s’ha creat una activitat grupal per a l’alumnat que consistirà en crear un mural amb la zonació algal de la zona on hem fet la sortida.</p>
<p><strong>Objectius:</strong></p>
<ul>
<li>Distingir les espècies marines.</li>
<li>Saber nedar i buscar espècies.</li>
<li>Aprendre a diferenciar els grans grups marins: equinoderms, algues, plantes, peixos, mol·luscs, etc.</li>
<li>Aprendre com es fa un estudi científic a partir de transsectes.</li>
<li>Conèixer la diversitat dins el món de les algues.</li>
<li>Comprendre com es produeix la fotosíntesi.</li>
<li>A partir de diverses algues unicel·lulars que trobem pel nostre litoral, practicar l’experiment de Hammerling i d’aquesta manera comprendre la diferencia entre cèl·lules eucariotes i procariotes.</li>
</ul>
<p><strong>Competències bàsiques de l’àmbit cientificotecnològic:</strong></p>
<ul>
<li>Competència 2. Identificar i caracteritzar els sistemes biològics i geològics des de la perspectiva dels models, per comunicar i predir el comportament dels fenòmens naturals</li>
<li>Competència 6. Reconèixer i aplicar els processos implicats en l’elaboració i validació del coneixement científic</li>
<li>Competència 11. Adoptar mesures amb criteris científics que evitin o minimitzin els impactes mediambientals derivats de la intervenció humana</li>
</ul>
<p><strong>Recursos:</strong></p>
<ul>
<li>Guia didàctica.</li>
<li>Kit d’snorkel: neoprè, màscara, tub, aletes.</li>
<li>Per a l’estudi científic: cinta mètrica, pot de vidre, quadrant, pissarra submergible.</li>
<li>Per a observar la fotosíntesi: planta aquàtica, got de precipitat, embut, llum artificial.</li>
</ul>
<p><span style="font-weight: 400;"><strong>Material per a l’alumne:</strong> Qüestionari</span></span></div></li></ul></div></div></div></div></div>

Descarregar el PDF Alumnat a qui va dirigit: De 3er i 4rt d’ESO, i de batxillerat. Àrees/Matèria: Biologia, Ciències de la Terra, Ecologia, Medi ambient, Biodiversitat i Activitat física. Descripció: Coneixes les algues de la teva costa? Sabries diferenciar entre una alga i una planta marina? Sabies que hi ha algues unicel·lulars que no són&hellip;
