{"id":8,"date":"2017-05-11T11:25:28","date_gmt":"2017-05-11T11:25:28","guid":{"rendered":"http:\/\/www.escolesblaves.cat\/?page_id=8"},"modified":"2021-01-18T17:38:34","modified_gmt":"2021-01-18T17:38:34","slug":"escoles-blaves","status":"publish","type":"page","link":"https:\/\/www.escolesblaves.cat\/en\/escoles-blaves\/","title":{"rendered":"Blue Schools"},"content":{"rendered":"<div class=\"vc_row wpb_row vc_row-fluid dt-default\" style=\"margin-top: 0px;margin-bottom: 0px\"><div class=\"wpb_column vc_column_container vc_col-sm-12\"><div class=\"vc_column-inner\"><div class=\"wpb_wrapper\">\n\t<div class=\"wpb_text_column wpb_content_element  vc_custom_1610991509383\" >\n\t\t<div class=\"wpb_wrapper\">\n\t\t\t<p><span style=\"font-weight: 400;\">The Blue Schools project is an educational project aiming to bring marine research and sea life closer to school pupils and the public at large in the Terres de l\u2019Ebre region in southern Catalonia. The project received a grant from the \u2018Public competition for grants to promote scientific and technological culture and innovation, 2016\u2019 awarded by the Spanish government\u2019s Foundation for Science and Technology (FECYT) and is also supported by the Catalan government\u2019s Department of Education, and developed during 2017.<\/span><br \/>\n<span style=\"font-weight: 400;\">We place a special emphasis on introducing marine sciences into schools, bringing information and examples of recent marine research to pupils who have little access to science education events as they live in areas far away from large cities or important research centres. We also aim to encourage all age groups and sectors of local populations, from the very young to the elderly, to get to know and appreciate local coastal and marine ecosystems in the area \u2013 declared a UNESCO Biosphere Reserve. \u2013 and to show them how marine science affects our everyday lives.<\/span><\/p>\n\n\t\t<\/div>\n\t<\/div>\n\n\t<div class=\"wpb_text_column wpb_content_element\" >\n\t\t<div class=\"wpb_wrapper\">\n\t\t\t<h3>The project is divided into two parts:<\/h3>\n\n\t\t<\/div>\n\t<\/div>\n<\/div><\/div><\/div><\/div><div class=\"vc_row wpb_row vc_row-fluid dt-default\" style=\"margin-top: 0px;margin-bottom: 0px\"><div class=\"wpb_column vc_column_container vc_col-sm-12\"><div class=\"vc_column-inner\"><div class=\"wpb_wrapper\"><div class=\"vc_tta-container\" data-vc-action=\"collapse\"><div class=\"vc_general vc_tta vc_tta-accordion vc_tta-color-white vc_tta-style-classic vc_tta-shape-square vc_tta-o-shape-group vc_tta-controls-align-left\"><div class=\"vc_tta-panels-container\"><div class=\"vc_tta-panels\"><div class=\"vc_tta-panel\" id=\"1494943860424-1ed806fa-3f41\" data-vc-content=\".vc_tta-panel-body\"><div class=\"vc_tta-panel-heading\"><h4 class=\"vc_tta-panel-title vc_tta-controls-icon-position-left\"><a href=\"#1494943860424-1ed806fa-3f41\" data-vc-accordion data-vc-container=\".vc_tta-container\"><span class=\"vc_tta-title-text\">1. Developing the Blue Schools concept and designing a logo that participating schools can use.<\/span><i class=\"vc_tta-controls-icon vc_tta-controls-icon-plus\"><\/i><\/a><\/h4><\/div><div class=\"vc_tta-panel-body\">\n\t<div  class=\"wpb_single_image wpb_content_element vc_align_left\">\n\t\t\n\t\t<figure class=\"wpb_wrapper vc_figure\">\n\t\t\t<div class=\"vc_single_image-wrapper   vc_box_border_grey\"><img width=\"4608\" height=\"1346\" src=\"https:\/\/www.escolesblaves.cat\/wp-content\/uploads\/2017\/05\/campus2bn.jpg\" class=\"vc_single_image-img attachment-full\" alt=\"\" loading=\"lazy\" srcset=\"https:\/\/www.escolesblaves.cat\/wp-content\/uploads\/2017\/05\/campus2bn.jpg 4608w, https:\/\/www.escolesblaves.cat\/wp-content\/uploads\/2017\/05\/campus2bn-300x88.jpg 300w, https:\/\/www.escolesblaves.cat\/wp-content\/uploads\/2017\/05\/campus2bn-768x224.jpg 768w, https:\/\/www.escolesblaves.cat\/wp-content\/uploads\/2017\/05\/campus2bn-1024x299.jpg 1024w\" sizes=\"(max-width: 4608px) 100vw, 4608px\" \/><\/div>\n\t\t<\/figure>\n\t<\/div>\n\n\t<div class=\"wpb_text_column wpb_content_element  vc_custom_1495221058092\" >\n\t\t<div class=\"wpb_wrapper\">\n\t\t\t<h3>Developing the Blue Schools concept and designing a logo that participating schools can use.<\/h3>\n<p>A Blue School is a centre which includes content related to the sea in their education programmes by using marine science as a cross-curricular theme and creates activities for pupils to come into contact with marine scientists. A group of eight secondary schools in the Lower Ebro region were selected to participate in the first year of the project. We designed a Blue Schools logo for them to use to indicate they form part of the project.<\/p>\n<p><span style=\"font-weight: 400;\">The schools participate through different kinds of marine science-related activities:<\/span><\/p>\n<h4><span style=\"font-weight: 400;\">Teacher training through our Marine Science Camp <\/span><span style=\"font-weight: 400;\">Campus de Ci\u00e8ncies del Mar<\/span><span style=\"font-weight: 400;\">.<\/span><\/h4>\n<p><span style=\"font-weight: 400;\">During a four-day series of workshops, teachers (usually two members from the Science Department of each secondary school) work with researchers specialized in different fields of marine science, with the aim of introducing the subject into the syllabus of their science courses. The sessions will look at the work currently being carried out by both local research centres and the leading centres in Catalonia (Marine Science Institute, CSIC; Barcelona University; Institute of Agro-food Research and Technology, IRTA; Centre for Advanced Studies in Blanes, belonging to the CSIC; and Girona University).<\/span><\/p>\n<p>&nbsp;<\/p>\n<h4><span style=\"font-weight: 400;\">Marine Science Classroom Assistants at secondary schools in the Terres de l\u2019Ebre region <\/span><span style=\"font-weight: 400;\">Auxiliars de Ci\u00e8ncies del Mar <\/span><span style=\"font-weight: 400;\">en instituts del Baix Ebre,\u00a0 la Ribera d&#8217;Ebre i el Montsi\u00e0.<\/span><\/h4>\n<p><span style=\"font-weight: 400;\">The concept of a Marine Science assistant is similar to the recent introduction of assistants in language classes at many schools. The idea is that the assistant provides advice and help throughout the project, both in person in the classroom and online. This consists in working with teachers to prepare learning materials to use the marine science knowledge they acquire during the Marine Science Camp and other ideas the assistant suggests, with an emphasis on new research developments so as to connect classroom content with current news in the world of marine science. Assistants also provide support for designing experiments and practical work both in and out of class.<\/span><\/p>\n<p>&nbsp;<\/p>\n<h4><span style=\"font-weight: 400;\">Creating a Blue Case as a resource <\/span><span style=\"font-weight: 400;\">Maleta de la Mar<\/span><span style=\"font-weight: 400;\"> com a recurs.<\/span><\/h4>\n<p><span style=\"font-weight: 400;\">The Blue Case consists of a basic kit of useful materials to learn about marine science in the classroom. It provides materials, objects and equipment related to marine research which is not usually available in a secondary school, such as samples of invertebrate organisms, samples of plankton and different-sized and sourced sands, ictiometers (a fish-measuring device), a Secchi disk to measure water transparency, plankton nets, and other objects.<\/span><\/p>\n\n\t\t<\/div>\n\t<\/div>\n<\/div><\/div><div class=\"vc_tta-panel\" id=\"1494943860562-0ca847ea-dbd8\" data-vc-content=\".vc_tta-panel-body\"><div class=\"vc_tta-panel-heading\"><h4 class=\"vc_tta-panel-title vc_tta-controls-icon-position-left\"><a href=\"#1494943860562-0ca847ea-dbd8\" data-vc-accordion data-vc-container=\".vc_tta-container\"><span class=\"vc_tta-title-text\">2. \u2018Sea, science and Terres de l\u2019Ebre\u2019 workshops and talks for the general public<\/span><i class=\"vc_tta-controls-icon vc_tta-controls-icon-plus\"><\/i><\/a><\/h4><\/div><div class=\"vc_tta-panel-body\">\n\t<div  class=\"wpb_single_image wpb_content_element vc_align_left\">\n\t\t\n\t\t<figure class=\"wpb_wrapper vc_figure\">\n\t\t\t<div class=\"vc_single_image-wrapper   vc_box_border_grey\"><img width=\"4610\" height=\"1354\" src=\"https:\/\/www.escolesblaves.cat\/wp-content\/uploads\/2017\/05\/xerrades.jpg\" class=\"vc_single_image-img attachment-full\" alt=\"\" loading=\"lazy\" srcset=\"https:\/\/www.escolesblaves.cat\/wp-content\/uploads\/2017\/05\/xerrades.jpg 4610w, https:\/\/www.escolesblaves.cat\/wp-content\/uploads\/2017\/05\/xerrades-300x88.jpg 300w, https:\/\/www.escolesblaves.cat\/wp-content\/uploads\/2017\/05\/xerrades-768x226.jpg 768w, https:\/\/www.escolesblaves.cat\/wp-content\/uploads\/2017\/05\/xerrades-1024x301.jpg 1024w\" sizes=\"(max-width: 4610px) 100vw, 4610px\" \/><\/div>\n\t\t<\/figure>\n\t<\/div>\n\n\t<div class=\"wpb_text_column wpb_content_element  vc_custom_1494946966766\" >\n\t\t<div class=\"wpb_wrapper\">\n\t\t\t<h3>\u2018Sea, science and Terres de l\u2019Ebre\u2019 workshops and talks for the general public<\/h3>\n<p><span style=\"font-weight: 400;\">One of our objectives is that learning about the sea and coastal life is not only limited to schools but that it also reaches the public at large through a series of workshops and talks.<\/span><\/p>\n<p>&nbsp;<\/p>\n<p><span style=\"font-weight: 400;\">With this in mind, we organize talks and practical workshops for people to get to know more about the exceptional variety and importance of the coastal and sea life in the Terres de l\u2019Ebre region and we also explain what kind of scientific research is being carried out in the area at local research centres. This activity is suitable for all ages, from young children to the elderly.<\/span><\/p>\n<p>&nbsp;<\/p>\n<p><span style=\"font-weight: 400;\">We usually give our talks and workshops in local libraries or cultural centres. We presently have sixteen activities lined up for different towns around the Terres de l\u2019Ebre region.<\/span><\/p>\n\n\t\t<\/div>\n\t<\/div>\n<\/div><\/div><\/div><\/div><\/div><\/div><\/div><\/div><\/div><\/div>","protected":false},"excerpt":{"rendered":"\u00c9s un projecte divulgatiu que vol apropar el mar i la recerca marina a diferents p\u00fablics de la zona de les Terres de l'Ebre (al sud de Catalunya). Ha estat presentat i aprovat a la \"Convocatoria de ayudas para el fomento de la cultura cient\u00edfica, tecnol\u00f3gica y de la innovaci\u00f3n 2016\" de la FECYT (Fundaci\u00f3n&hellip;","protected":false},"author":1,"featured_media":0,"parent":0,"menu_order":0,"comment_status":"closed","ping_status":"closed","template":"","meta":[],"yoast_head":"<!-- This site is optimized with the Yoast SEO plugin v16.0.1 - https:\/\/yoast.com\/wordpress\/plugins\/seo\/ -->\n<title>Escoles blaves | Escoles Blaves<\/title>\n<meta name=\"description\" content=\"\u00c9s un projecte divulgatiu que vol apropar el mar i la recerca marina a diferents p\u00fablics de la zona de les Terres de l\u2019Ebre.\" \/>\n<link rel=\"canonical\" href=\"https:\/\/www.escolesblaves.cat\/en\/escoles-blaves\/\" \/>\n<meta property=\"og:locale\" content=\"en_GB\" \/>\n<meta property=\"og:type\" content=\"article\" \/>\n<meta property=\"og:title\" content=\"Escoles blaves | Escoles Blaves\" \/>\n<meta property=\"og:description\" content=\"\u00c9s un projecte divulgatiu que vol apropar el mar i la recerca marina a diferents p\u00fablics de la zona de les Terres de l\u2019Ebre.\" \/>\n<meta property=\"og:url\" content=\"https:\/\/www.escolesblaves.cat\/en\/escoles-blaves\/\" \/>\n<meta property=\"og:site_name\" content=\"Escoles Blaves\" \/>\n<meta property=\"article:publisher\" content=\"https:\/\/www.facebook.com\/PlanctonDivulgacioIServeisMarins\" \/>\n<meta property=\"article:modified_time\" content=\"2021-01-18T17:38:34+00:00\" \/>\n<meta property=\"og:image\" content=\"http:\/\/www.escolesblaves.cat\/wp-content\/uploads\/2017\/05\/thumb-16.png\" \/>\n<meta name=\"twitter:card\" content=\"summary\" \/>\n<meta name=\"twitter:site\" content=\"@planctondivulga\" \/>\n<meta name=\"twitter:label1\" content=\"Estimated reading time\">\n\t<meta name=\"twitter:data1\" content=\"5 minutes\">\n<script type=\"application\/ld+json\" class=\"yoast-schema-graph\">{\"@context\":\"https:\/\/schema.org\",\"@graph\":[{\"@type\":\"Organization\",\"@id\":\"https:\/\/www.escolesblaves.cat\/#organization\",\"name\":\"Escoles blaves\",\"url\":\"https:\/\/www.escolesblaves.cat\/\",\"sameAs\":[\"https:\/\/www.facebook.com\/PlanctonDivulgacioIServeisMarins\",\"http:\/\/www.instagram.com\/planctondivulga\",\"https:\/\/twitter.com\/planctondivulga\"],\"logo\":{\"@type\":\"ImageObject\",\"@id\":\"https:\/\/www.escolesblaves.cat\/#logo\",\"inLanguage\":\"en-GB\",\"url\":\"https:\/\/www.escolesblaves.cat\/wp-content\/uploads\/2017\/05\/logo-web-01-01-01.png\",\"width\":208,\"height\":99,\"caption\":\"Escoles blaves\"},\"image\":{\"@id\":\"https:\/\/www.escolesblaves.cat\/#logo\"}},{\"@type\":\"WebSite\",\"@id\":\"https:\/\/www.escolesblaves.cat\/#website\",\"url\":\"https:\/\/www.escolesblaves.cat\/\",\"name\":\"Escoles Blaves\",\"description\":\"Apropem el mar a les Terres de l&#039;Ebre\",\"publisher\":{\"@id\":\"https:\/\/www.escolesblaves.cat\/#organization\"},\"potentialAction\":[{\"@type\":\"SearchAction\",\"target\":\"https:\/\/www.escolesblaves.cat\/?s={search_term_string}\",\"query-input\":\"required name=search_term_string\"}],\"inLanguage\":\"en-GB\"},{\"@type\":\"WebPage\",\"@id\":\"https:\/\/www.escolesblaves.cat\/escoles-blaves\/#webpage\",\"url\":\"https:\/\/www.escolesblaves.cat\/escoles-blaves\/\",\"name\":\"Escoles blaves | Escoles Blaves\",\"isPartOf\":{\"@id\":\"https:\/\/www.escolesblaves.cat\/#website\"},\"datePublished\":\"2017-05-11T11:25:28+00:00\",\"dateModified\":\"2021-01-18T17:38:34+00:00\",\"description\":\"\\u00c9s un projecte divulgatiu que vol apropar el mar i la recerca marina a diferents p\\u00fablics de la zona de les Terres de l\\u2019Ebre.\",\"breadcrumb\":{\"@id\":\"https:\/\/www.escolesblaves.cat\/escoles-blaves\/#breadcrumb\"},\"inLanguage\":\"en-GB\",\"potentialAction\":[{\"@type\":\"ReadAction\",\"target\":[\"https:\/\/www.escolesblaves.cat\/escoles-blaves\/\"]}]},{\"@type\":\"BreadcrumbList\",\"@id\":\"https:\/\/www.escolesblaves.cat\/escoles-blaves\/#breadcrumb\",\"itemListElement\":[{\"@type\":\"ListItem\",\"position\":1,\"item\":{\"@type\":\"WebPage\",\"@id\":\"https:\/\/www.escolesblaves.cat\/\",\"url\":\"https:\/\/www.escolesblaves.cat\/\",\"name\":\"Inici\"}},{\"@type\":\"ListItem\",\"position\":2,\"item\":{\"@type\":\"WebPage\",\"@id\":\"https:\/\/www.escolesblaves.cat\/escoles-blaves\/\",\"url\":\"https:\/\/www.escolesblaves.cat\/escoles-blaves\/\",\"name\":\"Escoles blaves\"}}]}]}<\/script>\n<!-- \/ Yoast SEO plugin. -->","_links":{"self":[{"href":"https:\/\/www.escolesblaves.cat\/en\/wp-json\/wp\/v2\/pages\/8"}],"collection":[{"href":"https:\/\/www.escolesblaves.cat\/en\/wp-json\/wp\/v2\/pages"}],"about":[{"href":"https:\/\/www.escolesblaves.cat\/en\/wp-json\/wp\/v2\/types\/page"}],"author":[{"embeddable":true,"href":"https:\/\/www.escolesblaves.cat\/en\/wp-json\/wp\/v2\/users\/1"}],"replies":[{"embeddable":true,"href":"https:\/\/www.escolesblaves.cat\/en\/wp-json\/wp\/v2\/comments?post=8"}],"version-history":[{"count":15,"href":"https:\/\/www.escolesblaves.cat\/en\/wp-json\/wp\/v2\/pages\/8\/revisions"}],"predecessor-version":[{"id":729,"href":"https:\/\/www.escolesblaves.cat\/en\/wp-json\/wp\/v2\/pages\/8\/revisions\/729"}],"wp:attachment":[{"href":"https:\/\/www.escolesblaves.cat\/en\/wp-json\/wp\/v2\/media?parent=8"}],"curies":[{"name":"wp","href":"https:\/\/api.w.org\/{rel}","templated":true}]}}

<div class="vc_row wpb_row vc_row-fluid dt-default" style="margin-top: 0px;margin-bottom: 0px"><div class="wpb_column vc_column_container vc_col-sm-12"><div class="vc_column-inner"><div class="wpb_wrapper">
	<div class="wpb_text_column wpb_content_element  vc_custom_1610991509383" >
		<div class="wpb_wrapper">
			<p><span style="font-weight: 400;">The Blue Schools project is an educational project aiming to bring marine research and sea life closer to school pupils and the public at large in the Terres de l’Ebre region in southern Catalonia. The project received a grant from the ‘Public competition for grants to promote scientific and technological culture and innovation, 2016’ awarded by the Spanish government’s Foundation for Science and Technology (FECYT) and is also supported by the Catalan government’s Department of Education, and developed during 2017.</span><br />
<span style="font-weight: 400;">We place a special emphasis on introducing marine sciences into schools, bringing information and examples of recent marine research to pupils who have little access to science education events as they live in areas far away from large cities or important research centres. We also aim to encourage all age groups and sectors of local populations, from the very young to the elderly, to get to know and appreciate local coastal and marine ecosystems in the area – declared a UNESCO Biosphere Reserve. – and to show them how marine science affects our everyday lives.</span></p>

		</div>
	</div>

	<div class="wpb_text_column wpb_content_element" >
		<div class="wpb_wrapper">
			<h3>The project is divided into two parts:</h3>

		</div>
	</div>
</div></div></div></div><div class="vc_row wpb_row vc_row-fluid dt-default" style="margin-top: 0px;margin-bottom: 0px"><div class="wpb_column vc_column_container vc_col-sm-12"><div class="vc_column-inner"><div class="wpb_wrapper"><div class="vc_tta-container" data-vc-action="collapse"><div class="vc_general vc_tta vc_tta-accordion vc_tta-color-white vc_tta-style-classic vc_tta-shape-square vc_tta-o-shape-group vc_tta-controls-align-left"><div class="vc_tta-panels-container"><div class="vc_tta-panels"><div class="vc_tta-panel" id="1494943860424-1ed806fa-3f41" data-vc-content=".vc_tta-panel-body"><div class="vc_tta-panel-heading"><h4 class="vc_tta-panel-title vc_tta-controls-icon-position-left"><a href="#1494943860424-1ed806fa-3f41" data-vc-accordion data-vc-container=".vc_tta-container"><span class="vc_tta-title-text">1. Developing the Blue Schools concept and designing a logo that participating schools can use.</span><i class="vc_tta-controls-icon vc_tta-controls-icon-plus"></i></a></h4></div><div class="vc_tta-panel-body">
	<div  class="wpb_single_image wpb_content_element vc_align_left">
		
		<figure class="wpb_wrapper vc_figure">
			<div class="vc_single_image-wrapper   vc_box_border_grey"><img width="4608" height="1346" src="https://www.escolesblaves.cat/wp-content/uploads/2017/05/campus2bn.jpg" class="vc_single_image-img attachment-full" alt="" loading="lazy" srcset="https://www.escolesblaves.cat/wp-content/uploads/2017/05/campus2bn.jpg 4608w, https://www.escolesblaves.cat/wp-content/uploads/2017/05/campus2bn-300x88.jpg 300w, https://www.escolesblaves.cat/wp-content/uploads/2017/05/campus2bn-768x224.jpg 768w, https://www.escolesblaves.cat/wp-content/uploads/2017/05/campus2bn-1024x299.jpg 1024w" sizes="(max-width: 4608px) 100vw, 4608px" /></div>
		</figure>
	</div>

	<div class="wpb_text_column wpb_content_element  vc_custom_1495221058092" >
		<div class="wpb_wrapper">
			<h3>Developing the Blue Schools concept and designing a logo that participating schools can use.</h3>
<p>A Blue School is a centre which includes content related to the sea in their education programmes by using marine science as a cross-curricular theme and creates activities for pupils to come into contact with marine scientists. A group of eight secondary schools in the Lower Ebro region were selected to participate in the first year of the project. We designed a Blue Schools logo for them to use to indicate they form part of the project.</p>
<p><span style="font-weight: 400;">The schools participate through different kinds of marine science-related activities:</span></p>
<h4><span style="font-weight: 400;">Teacher training through our Marine Science Camp </span><span style="font-weight: 400;">Campus de Ciències del Mar</span><span style="font-weight: 400;">.</span></h4>
<p><span style="font-weight: 400;">During a four-day series of workshops, teachers (usually two members from the Science Department of each secondary school) work with researchers specialized in different fields of marine science, with the aim of introducing the subject into the syllabus of their science courses. The sessions will look at the work currently being carried out by both local research centres and the leading centres in Catalonia (Marine Science Institute, CSIC; Barcelona University; Institute of Agro-food Research and Technology, IRTA; Centre for Advanced Studies in Blanes, belonging to the CSIC; and Girona University).</span></p>
<p>&nbsp;</p>
<h4><span style="font-weight: 400;">Marine Science Classroom Assistants at secondary schools in the Terres de l’Ebre region </span><span style="font-weight: 400;">Auxiliars de Ciències del Mar </span><span style="font-weight: 400;">en instituts del Baix Ebre,  la Ribera d&#8217;Ebre i el Montsià.</span></h4>
<p><span style="font-weight: 400;">The concept of a Marine Science assistant is similar to the recent introduction of assistants in language classes at many schools. The idea is that the assistant provides advice and help throughout the project, both in person in the classroom and online. This consists in working with teachers to prepare learning materials to use the marine science knowledge they acquire during the Marine Science Camp and other ideas the assistant suggests, with an emphasis on new research developments so as to connect classroom content with current news in the world of marine science. Assistants also provide support for designing experiments and practical work both in and out of class.</span></p>
<p>&nbsp;</p>
<h4><span style="font-weight: 400;">Creating a Blue Case as a resource </span><span style="font-weight: 400;">Maleta de la Mar</span><span style="font-weight: 400;"> com a recurs.</span></h4>
<p><span style="font-weight: 400;">The Blue Case consists of a basic kit of useful materials to learn about marine science in the classroom. It provides materials, objects and equipment related to marine research which is not usually available in a secondary school, such as samples of invertebrate organisms, samples of plankton and different-sized and sourced sands, ictiometers (a fish-measuring device), a Secchi disk to measure water transparency, plankton nets, and other objects.</span></p>

		</div>
	</div>
</div></div><div class="vc_tta-panel" id="1494943860562-0ca847ea-dbd8" data-vc-content=".vc_tta-panel-body"><div class="vc_tta-panel-heading"><h4 class="vc_tta-panel-title vc_tta-controls-icon-position-left"><a href="#1494943860562-0ca847ea-dbd8" data-vc-accordion data-vc-container=".vc_tta-container"><span class="vc_tta-title-text">2. ‘Sea, science and Terres de l’Ebre’ workshops and talks for the general public</span><i class="vc_tta-controls-icon vc_tta-controls-icon-plus"></i></a></h4></div><div class="vc_tta-panel-body">
	<div  class="wpb_single_image wpb_content_element vc_align_left">
		
		<figure class="wpb_wrapper vc_figure">
			<div class="vc_single_image-wrapper   vc_box_border_grey"><img width="4610" height="1354" src="https://www.escolesblaves.cat/wp-content/uploads/2017/05/xerrades.jpg" class="vc_single_image-img attachment-full" alt="" loading="lazy" srcset="https://www.escolesblaves.cat/wp-content/uploads/2017/05/xerrades.jpg 4610w, https://www.escolesblaves.cat/wp-content/uploads/2017/05/xerrades-300x88.jpg 300w, https://www.escolesblaves.cat/wp-content/uploads/2017/05/xerrades-768x226.jpg 768w, https://www.escolesblaves.cat/wp-content/uploads/2017/05/xerrades-1024x301.jpg 1024w" sizes="(max-width: 4610px) 100vw, 4610px" /></div>
		</figure>
	</div>

	<div class="wpb_text_column wpb_content_element  vc_custom_1494946966766" >
		<div class="wpb_wrapper">
			<h3>‘Sea, science and Terres de l’Ebre’ workshops and talks for the general public</h3>
<p><span style="font-weight: 400;">One of our objectives is that learning about the sea and coastal life is not only limited to schools but that it also reaches the public at large through a series of workshops and talks.</span></p>
<p>&nbsp;</p>
<p><span style="font-weight: 400;">With this in mind, we organize talks and practical workshops for people to get to know more about the exceptional variety and importance of the coastal and sea life in the Terres de l’Ebre region and we also explain what kind of scientific research is being carried out in the area at local research centres. This activity is suitable for all ages, from young children to the elderly.</span></p>
<p>&nbsp;</p>
<p><span style="font-weight: 400;">We usually give our talks and workshops in local libraries or cultural centres. We presently have sixteen activities lined up for different towns around the Terres de l’Ebre region.</span></p>

		</div>
	</div>
</div></div></div></div></div></div></div></div></div></div>

És un projecte divulgatiu que vol apropar el mar i la recerca marina a diferents públics de la zona de les Terres de l'Ebre (al sud de Catalunya). Ha estat presentat i aprovat a la "Convocatoria de ayudas para el fomento de la cultura científica, tecnológica y de la innovación 2016" de la FECYT (Fundación&hellip;

<!-- This site is optimized with the Yoast SEO plugin v16.0.1 - https://yoast.com/wordpress/plugins/seo/ -->
<title>Escoles blaves | Escoles Blaves</title>
<meta name="description" content="És un projecte divulgatiu que vol apropar el mar i la recerca marina a diferents públics de la zona de les Terres de l’Ebre." />
<link rel="canonical" href="https://www.escolesblaves.cat/en/escoles-blaves/" />
<meta property="og:locale" content="en_GB" />
<meta property="og:type" content="article" />
<meta property="og:title" content="Escoles blaves | Escoles Blaves" />
<meta property="og:description" content="És un projecte divulgatiu que vol apropar el mar i la recerca marina a diferents públics de la zona de les Terres de l’Ebre." />
<meta property="og:url" content="https://www.escolesblaves.cat/en/escoles-blaves/" />
<meta property="og:site_name" content="Escoles Blaves" />
<meta property="article:publisher" content="https://www.facebook.com/PlanctonDivulgacioIServeisMarins" />
<meta property="article:modified_time" content="2021-01-18T17:38:34+00:00" />
<meta property="og:image" content="http://www.escolesblaves.cat/wp-content/uploads/2017/05/thumb-16.png" />
<meta name="twitter:card" content="summary" />
<meta name="twitter:site" content="@planctondivulga" />
<meta name="twitter:label1" content="Estimated reading time">
	<meta name="twitter:data1" content="5 minutes">
<script type="application/ld+json" class="yoast-schema-graph">{"@context":"https://schema.org","@graph":[{"@type":"Organization","@id":"https://www.escolesblaves.cat/#organization","name":"Escoles blaves","url":"https://www.escolesblaves.cat/","sameAs":["https://www.facebook.com/PlanctonDivulgacioIServeisMarins","http://www.instagram.com/planctondivulga","https://twitter.com/planctondivulga"],"logo":{"@type":"ImageObject","@id":"https://www.escolesblaves.cat/#logo","inLanguage":"en-GB","url":"https://www.escolesblaves.cat/wp-content/uploads/2017/05/logo-web-01-01-01.png","width":208,"height":99,"caption":"Escoles blaves"},"image":{"@id":"https://www.escolesblaves.cat/#logo"}},{"@type":"WebSite","@id":"https://www.escolesblaves.cat/#website","url":"https://www.escolesblaves.cat/","name":"Escoles Blaves","description":"Apropem el mar a les Terres de l&#039;Ebre","publisher":{"@id":"https://www.escolesblaves.cat/#organization"},"potentialAction":[{"@type":"SearchAction","target":"https://www.escolesblaves.cat/?s={search_term_string}","query-input":"required name=search_term_string"}],"inLanguage":"en-GB"},{"@type":"WebPage","@id":"https://www.escolesblaves.cat/escoles-blaves/#webpage","url":"https://www.escolesblaves.cat/escoles-blaves/","name":"Escoles blaves | Escoles Blaves","isPartOf":{"@id":"https://www.escolesblaves.cat/#website"},"datePublished":"2017-05-11T11:25:28+00:00","dateModified":"2021-01-18T17:38:34+00:00","description":"\u00c9s un projecte divulgatiu que vol apropar el mar i la recerca marina a diferents p\u00fablics de la zona de les Terres de l\u2019Ebre.","breadcrumb":{"@id":"https://www.escolesblaves.cat/escoles-blaves/#breadcrumb"},"inLanguage":"en-GB","potentialAction":[{"@type":"ReadAction","target":["https://www.escolesblaves.cat/escoles-blaves/"]}]},{"@type":"BreadcrumbList","@id":"https://www.escolesblaves.cat/escoles-blaves/#breadcrumb","itemListElement":[{"@type":"ListItem","position":1,"item":{"@type":"WebPage","@id":"https://www.escolesblaves.cat/","url":"https://www.escolesblaves.cat/","name":"Inici"}},{"@type":"ListItem","position":2,"item":{"@type":"WebPage","@id":"https://www.escolesblaves.cat/escoles-blaves/","url":"https://www.escolesblaves.cat/escoles-blaves/","name":"Escoles blaves"}}]}]}</script>
<!-- / Yoast SEO plugin. -->
